5 - (-1 - -43) - (-16 + -2 + 3)
8
What is the value of 4 - (-11 + -23 - -19)?
19
Calculate -10 + (4 - (13 + -10)) - 5.
-14
What is the value of -3 + -14 - 5 - -49?
27
11 + (-27 - (12 - 32))
4
Evaluate -8 + 16 - (34 - 20).
-6
Evaluate 0 + -5 + (-20 - -15) + 24 + -2.
12
Calculate (-18 - -20) + -9 + -7.
-14
Calculate 15 - 21 - (-19 + -2).
15
4 - (-10 - (0 - 5)) - (7 - 7)
9
Evaluate (-32 - -40) + -1 + -3 + -2 + 3.
5
Calculate -6 - (17 + -12 + -13 + 4 + 21).
-23
What is the value of -1 - -2 - -3 - (-19 + 17 + 7)?
-1
What is -23 + 6 + -7 - (-12 - -4)?
-16
What is the value of 18 + (-8 + 11 - 6)?
15
What is the value of -12 - (19 + -22 - -11)?
-20
What is the value of 7 - (41 - (-14 - -14 - -13))?
-21
-4 - 2 - ((10 - 24) + 31)
-23
Calculate 28 + 7 + -26 + -21.
-12
Evaluate 18 - ((7 - 4) + 0 + 2).
13
-42 + -42 + (-29 - -122)
9
15 + 12 + -15 + 6
18
(18 - 2) + (4 - (9 - 6)) + -4
13
What is the value of -3 - ((-9 - 3) + 5) - 20?
-16
Evaluate 14 - (-27 + 21) - (5 - -1).
14
-92 + 95 - (-2 + 1 - 1)
5
8 + (5 - 4) + -26 + 10
-7
66 + -12 + (-72 - -41)
23
What is the value of 9 - (-23 + 32 - (-3 + -19 + -2))?
-24
Calculate 0 + 5 + -2 - (-44 + 50 - -1).
-4
What is the value of 5 - ((-12 - -15) + (32 - (-4 - 1)))?
-35
-21 + (29 - (8 + 18))
-18
Calculate 1 + (0 - 22) + (-44 - -51).
-14
What is the value of (-2 - -8 - 11 - -4) + -3 + -6?
-10
Evaluate -18 - 10 - -27 - (2 - (0 + 17)).
14
Evaluate (-18 + 2 - 1) + (-289 - -270).
-36
(-4 - (18 + 12 + -3)) + 11
-20
Evaluate 13 + -1 + -8 - -8.
12
-1 + (-7 + 20 - 8) + -19
-15
What is -28 + 22 + (-2 - -4) + 0?
-4
What is 10 - (-2 - (1 + -4)) - (183 + -180)?
6
What is 18 + (5 - (-4 + 13 + -10))?
24
Calculate 12 - -2 - (101 - 98) - 21.
-10
Evaluate (195 - 212) + 0 + 28 - 9.
2
Evaluate (6 - 13 - -5) + -8 + -8.
-18
Evaluate -87 + 104 + (11 - 2).
26
Evaluate -8 - (30 - -12 - 20).
-30
What is the value of 34 - (1 - (-8 - 13))?
12
What is the value of 5 - (8 + (6 - 10))?
1
Calculate 4 + 1 - 0 - (-262 + 259).
8
What is -6 + (9 - 9) + 8 - (7 - 2)?
-3
-2 - 19 - ((7 - (11 - 31)) + -20)
-28
13 + (1 + -14 + 17 - 1)
16
What is the value of -23 - ((11 - 6) + -6 - (4 + 6))?
-12
-5 + (17 + 1 - 27)
-14
What is the value of -2 + -22 + 0 - ((1 - -54) + -55)?
-24
What is 3 + (17 - (-1 - -5)) - 5?
11
Calculate (14 + -15 + -5 - 5) + 1 + 1.
-9
Evaluate (28 - 28) + (2 - -8) + 0 + 0.
10
What is -145 + 144 + -2 + 2?
-1
Evaluate 21 + (5 - 10 - 5).
11
What is the value of -5 - (11 + -28 + -8)?
20
Calculate (30 - 15 - 1) + -12 + 23.
25
8 - (9 + -6) - (-7 + 1)
11
What is (-81 - -1) + (219 - 175)?
-36
Calculate (0 - -7) + (-31 - -18 - -13).
7
What is 7 + (0 - -1) - ((-18 - 2) + 28)?
0
Evaluate (-8 - 2) + (104 - 96).
-2
Evaluate 9 + (10 - (18 - -17)).
-16
15 + -2 - (4 + -3 + 5 + -2)
9
Calculate 1 + -1 + 12 - (-24 - (16 - 45)).
7
What is the value of 0 + 4 + 1 + (0 - 11)?
-6
Calculate -525 + 510 + -1 + 20 + 1.
5
Evaluate -20 + 16 + -3 - (2 + 8).
-17
Calculate (3 + 5 + -4 - -2) + 9 + -20.
-5
Calculate (-18 - -23) + -4 + 1 + 1 + -15.
-12
Calculate (3 + -5 - (5 + -13 - -5)) + 3.
4
What is the value of -16 + 13 + (-17 - -18)?
-2
What is -2 + -8 + -3 + 11 + 2 + -9?
-9
What is the value of 9 + (-12 - 7) + 9?
-1
What is 15 - 25 - (-10 + 7 - 3)?
-4
Calculate 516 + -520 - (-26 - 3).
25
Evaluate 182 - 171 - (24 - -1).
-14
Calculate 6 + -2 + 16 + -13 + 4 + 3.
14
Calculate -16 + 20 + -21 - -7.
-10
(-32 - -31 - 7 - (1 - 1)) + -1
-9
What is the value of 19 + (20 - 49) - -2?
-8
What is the value of 36 + (-4 - 34) + (-1 - -7)?
4
2 + (9 - 10) + -10 + 13
4
What is 47 - 23 - (4 - -9)?
11
What is (-7 - -8 - -12) + (1 - -4) + 2?
20
What is the value of -4 + (-6 - (-3 + -6)) + -8 + -3?
-12
Evaluate 4 - (7 + (2 - 2) - (-125 + 123)).
-5
What is 1 - 13 - (-15 + 8) - (4 + -9)?
0
Calculate -17 - (23 - (-3 - -20)).
-23
Evaluate -5 + 1 - (-162 - -146).
12
Calculate (2 - -5) + -15 + (-4 - (-10 + 1)).
-3
5 - (16 - 11) - -9 - -14
23
Calculate 9 + (3 - 16) + (-10 - -1).
-13
-25 + (-15 - (-7 - 16))
-17
142 + -131 + (0 + 0 - 31) + -2
-22
Evaluate 6 + (-5 - (-10 - -24) - (-7 - -2)).
-8
What is the value of 2 - 2 - 3 - (-19 + 18)?
-2
Evaluate -4 + (19 - 5) - (2 - 3).
11
What is 60 - 67 - (0 - 1) - -8?
2
What is -16 + (0 + -24 - -19)?
-21
Evaluate -43 - -34 - (10 + (4 - 7)).
-16
Evaluate 0 - 17 - (-52 - (-29 + -17)).
-11
What is the value of (-2 + -1 - 0) + 1 + (5 - -5)?
8
What is the value of (-114 - -131) + -11 + (-1 - -1)?
6
What is -17 + 2 + (8 - 0) - -1?
-6
Calculate (-7 - 3 - -9) + -19.
-20
Evaluate (1 + -1 - 5) + 32 + -16 + -13.
-2
25 - 24 - (-1 + -4)
6
0 + 0 - 3 - (-8 + 26 + -28)
7
What is 8 - (-1 + 27 - 2)?
-16
Evaluate (9 + -14 - -10) + -29.
-24
What is -1 - -16 - (7 + 0 - 1)?
9
Calculate -20 - (-28 + -4 - -5).
7
15 + (-10 - (14 + -5 + 0 + -9))
5
What is the value of (-15 + 31 - 23) + (0 + 5 - 6)?
-8
What is the value of -29 + 3 - -7 - (9 + -10)?
-18
12 - (5 + -16 + 36) - -3 - 4
-14
Calculate -1 + -19 + 0 + -3286 + 3281.
-25
What is the value of -4 + (22 - 53) + 29?
-6
What is 23 - (4 - (-18 - -14))?
15
What is the value of (-2 - 12) + -12 - -48?
22
What is -9 - ((9 + -37 - -10) + 14)?
-5
What is (40 - 5 - 33) + 2 + 0?
4
-5 - (11 + (-17 - 8 - -13))
-4
What is (8 - (4 + 7)) + -12?
-15
What is the value of -19 - -6 - -5 - (-3 - 0 - -2)?
-7
What is the value of -9 + 28 + 0 - -16?
35
What is the value of -9 + -1 + (51 - (92 - 20))?
-31
Evaluate 44 + 27 + -94 - -60.
37
-16 - (3 + -2 + (48 - 47))
-18
What is 14 + (-13 - -5) - (17 + -2) - -1?
-8
Evaluate (2 - -18) + (-351 - -361).
30
What is the value of -19 + (-7 - -5) + 0 + 12 + -12?
-21
What is the value of (7 - (-6 - -19)) + 32?
26
What is the value of 6 + -8 - 7 - -14?
5
What is (0 - -12) + -14 + (11 - 5)?
4
What is the value of 6 - 20 - ((4 + 4 - 22) + 7)?
-7
What is (-2 - (4 + -3)) + -3 + (9 - 2)?
1
What is -5 + (-30 - (-4 + -15))?
-16
Evaluate -3 + -1 + (3 - (4 + (5 - -1))).
-11
What is -2 + (41 - -32) + -39?
32
Evaluate (-11 - (4 + (7 - 11))) + -2.
-13
Evaluate -3 + (10 - 7) - (-23 + (-6 - -9)).
20
What is -15 + 5 - 15 - -6?
-19
Evaluate -7 + (-364 - -358) + (33 - 1).
19
What is the value of 8 + -1 + -14 + 21?
14
What is 17 - 10 - 6 - 1?
0
(-20 - 2) + (11 - -5)
-6
Evaluate 10 - -5 - (-9 + 28).
-4
Calculate -7 - ((-11 - -4) + -15 + 9) - -1.
7
What is -10 + 1 + -13 + 11?
-11
What is 12 - (39 - 13 - (-18 + -2))?
-34
2 + -33 - (-281 + 266)
-16
What is (-32 - 5 - (9 - 11)) + 11?
-24
What is the value of 5 + (3 - -3) + -10 + -19?
-18
8 - (5 - ((5 - 13) + 0 - -8))
3
Calculate 0 + 10 + -18 - (-5 - 7 - -5).
-1
What is the value of -10 + 33 + -9 + 0?
14
What is the value of 1 + (-2 - 0) - 3?
-4
What is (-7 - (-7 + 0 - 1)) + -9?
-8
What is (-4 - 0) + 5 + 7 + (-12 - -9)?
5
What is the value of -4 + (-17 - (0 - 3) - -11)?
-7
1 + (-9 - -15) + -21 + 8 + -3
-9
-28 - (33 - 67) - (1 - 5 - 0)
10
-1 + 10 - (-5 + 24 + 2 + 10)
-22
Calculate (29 - (99 - 22)) + 33.
-15
32 - (63 + -32) - (10 + (5 - 2))
-12
(0 - 2) + (-3 + 1 + -7 - -13)
2
What is the value of (2 - (0 + -3) - (5 - -3)) + 11?
8
What is (-78 - -64) + (15 - 21)?
-20
3 - (-8 - 3) - 16
-2
25 + -7 + 30 + -28
20
Calculate (21 - (6 - 1)) + 5.
21
3 - (14 - -6 - 18)
1
Calculate (1 - (-4 + -1)) + (-8 + 16 - 16).
-2
What is (1 - 5) + (-2 - -5)?
-1
What is the value of (45 + -1 - (340 + -325)) + -10?
19
Calculate 5 - (-1 - -6 - (31 - 31)) - 14.
-14
What is -4 - (3 + -1 - (-20 + 44 - 13))?
5
What is the value of (-1 - 5 - (-4 - 1)) + -1 + -21?
-23
What is 11 - -2 - (-4 - -30) - (0 + 2)?
-15
Evaluate 4 + 0 - ((-7 + 25 - 6) + -1).
-7
Evaluate 52 + -67 - -6 - (-14 - -1).
4
Evaluate 15 - 7 - (9 - 14).
13
What is the value of -8 - (1 + -7 + -2) - -6?
6
What is the value of -9 + (-61 + 36 - -14 - (-1 - 6))?
-13
10 + (-3 - (-3 + 8)) + 8
10
What is -6 + (0 - (9 - 20 - -4))?
1
What is -1 + -1 + 2 - (-2 + (-30 - -47))?
-15
What is -10 + 6 - (-12 - (-23 + 38))?
23
(11 + 2 + -11 - (2 - -1)) + -10
-11
Calculate (6 - 0) + 17 + -14.
9
Evaluate -7 - (2 - 11 - (-6 + 1)).
-3
What is the value of 5 - 1 - (24 + (1 - 9) + -9)?
-3
What is 27 + 0 - (-4 - (-40 - -30))?
21
What is 10 + -6 + 18 - 10?
12
What is the value of 15 - (12 + (10 - 21) - -14)?
0
What is -22 + (1 - 4) + (9 - (-29 + 38))?
-25
4 - 0 - (6 + -16 + 3 + 11)
0
Evaluate -20 - -38 - 18 - (0 - 2).
2
0 - (25 - (26 - 0))
1
What is -6 + 3 + -2 + 1 + 15?
11
-1 + 0 -